{"id":186,"date":"2016-08-12T14:35:11","date_gmt":"2016-08-12T12:35:11","guid":{"rendered":"http:\/\/bokning.dev\/?page_id=186"},"modified":"2022-05-11T12:48:14","modified_gmt":"2022-05-11T10:48:14","slug":"book","status":"publish","type":"page","link":"https:\/\/www8.informatik.umu.se\/~jlstrom\/dmp-bokning\/book\/","title":{"rendered":"Bokning av utrustning"},"content":{"rendered":"<p>Skicka din bokningsf\u00f6rfr\u00e5gan nedan.\u00a0Om bokningen g\u00e5r igenom och du inte h\u00f6r n\u00e5got annat s\u00e5 \u00e4r det bara att komma f\u00f6rbi MA336 och h\u00e4mta den bokade utrustningen mellan <strong>12:30 &#8211; 12:45<\/strong>\u00a0p\u00e5 det valda datumet.<\/p>\n<p>Innan \u00e5terl\u00e4mning ska kameror och ljudutrustning formateras (t\u00f6mma minneskortet). Detta g\u00f6r du i Meny &#8211; Inst\u00e4llningar \/ SD card &#8211; Format. Se instruktionsfilm p\u00e5 hur du formaterar kamera h\u00e4r: https:\/\/www.youtube.com\/watch?v=p6pTv9WpSCQ<\/p>\n","protected":false},"excerpt":{"rendered":"<p>Skicka din bokningsf\u00f6rfr\u00e5gan nedan.\u00a0Om bokningen g\u00e5r igenom och du inte h\u00f6r n\u00e5got annat s\u00e5 \u00e4r det bara att komma f\u00f6rbi MA336 och h\u00e4mta den bokade utrustningen mellan 12:30 &#8211; 12:45\u00a0p\u00e5 det valda datumet. Innan \u00e5terl\u00e4mning ska kameror och ljudutrustning formateras (t\u00f6mma minneskortet). Detta g\u00f6r du i Meny &#8211; Inst\u00e4llningar \/ SD card &#8211; Format. Se&#8230;  <a class=\"excerpt-read-more\" href=\"https:\/\/www8.informatik.umu.se\/~jlstrom\/dmp-bokning\/book\/\" title=\"L\u00e4sBokning av utrustning\">L\u00e4s mer &raquo;<\/a><\/p>\n","protected":false},"author":1,"featured_media":0,"parent":0,"menu_order":0,"comment_status":"closed","ping_status":"closed","template":"page-booking.php","meta":{"footnotes":""},"acf":[],"_links":{"self":[{"href":"https:\/\/www8.informatik.umu.se\/~jlstrom\/dmp-bokning\/wp-json\/wp\/v2\/pages\/186"}],"collection":[{"href":"https:\/\/www8.informatik.umu.se\/~jlstrom\/dmp-bokning\/wp-json\/wp\/v2\/pages"}],"about":[{"href":"https:\/\/www8.informatik.umu.se\/~jlstrom\/dmp-bokning\/wp-json\/wp\/v2\/types\/page"}],"author":[{"embeddable":true,"href":"https:\/\/www8.informatik.umu.se\/~jlstrom\/dmp-bokning\/wp-json\/wp\/v2\/users\/1"}],"replies":[{"embeddable":true,"href":"https:\/\/www8.informatik.umu.se\/~jlstrom\/dmp-bokning\/wp-json\/wp\/v2\/comments?post=186"}],"version-history":[{"count":10,"href":"https:\/\/www8.informatik.umu.se\/~jlstrom\/dmp-bokning\/wp-json\/wp\/v2\/pages\/186\/revisions"}],"predecessor-version":[{"id":1722,"href":"https:\/\/www8.informatik.umu.se\/~jlstrom\/dmp-bokning\/wp-json\/wp\/v2\/pages\/186\/revisions\/1722"}],"wp:attachment":[{"href":"https:\/\/www8.informatik.umu.se\/~jlstrom\/dmp-bokning\/wp-json\/wp\/v2\/media?parent=186"}],"curies":[{"name":"wp","href":"https:\/\/api.w.org\/{rel}","templated":true}]}}